s the remainder when 55494427 is divided by 1397?
1396
Calculate the remainder when 2324195 is divided by 49.
27
What is the remainder when 7719578 is divided by 40?
18
What is the remainder when 12638085 is divided by 82?
81
Calculate the remainder when 124598 is divided by 1037.
158
Calculate the remainder when 564212425 is divided by 201.
199
Calculate the remainder when 270397702 is divided by 28.
22
Calculate the remainder when 7826009 is divided by 144926.
5
What is the remainder when 82085 is divided by 204?
77
What is the remainder when 196453 is divided by 15826?
6541
Calculate the remainder when 702454 is divided by 911.
73
Calculate the remainder when 24750 is divided by 102.
66
Calculate the remainder when 1003577 is divided by 319.
3
Calculate the remainder when 926382 is divided by 9262.
182
Calculate the remainder when 2837575 is divided by 9183.
28
What is the remainder when 8635229 is divided by 85?
79
Calculate the remainder when 1478968 is divided by 421.
416
Calculate the remainder when 2561326 is divided by 35086.
48
What is the remainder when 90763684 is divided by 4764?
4720
Calculate the remainder when 44324310 is divided by 178.
174
What is the remainder when 61140 is divided by 317?
276
Calculate the remainder when 162719169 is divided by 1836.
1833
What is the remainder when 7650406 is divided by 1103?
1101
What is the remainder when 285497 is divided by 142736?
25
What is the remainder when 67334610 is divided by 11222434?
6
Calculate the remainder when 4216865 is divided by 1405562.
179
Calculate the remainder when 16612796 is divided by 345.
11
Calculate the remainder when 5337437 is divided by 9155.
72
What is the remainder when 968075365 is divided by 122?
119
Calculate the remainder when 19214 is divided by 1608.
1526
What is the remainder when 218915 is divided by 72630?
1025
Calculate the remainder when 272506 is divided by 37389.
10783
Calculate the remainder when 1866724 is divided by 347.
211
Calculate the remainder when 20479179 is divided by 5912.
11
What is the remainder when 6103292 is divided by 14886?
32
Calculate the remainder when 5624143 is divided by 76.
67
What is the remainder when 100122815 is divided by 29?
25
Calculate the remainder when 40655 is divided by 20268.
119
Calculate the remainder when 188464 is divided by 392.
304
Calculate the remainder when 28208139 is divided by 10693.
5
Calculate the remainder when 77633874 is divided by 431.
430
Calculate the remainder when 61096655 is divided by 2509.
2505
What is the remainder when 898136 is divided by 6280?
96
What is the remainder when 40174782 is divided by 383?
380
Calculate the remainder when 4980608 is divided by 368.
96
What is the remainder when 4027043 is divided by 2492?
2463
What is the remainder when 3006898 is divided by 120261?
373
Calculate the remainder when 446851119 is divided by 1520.
1519
What is the remainder when 7542296 is divided by 173?
15
What is the remainder when 84105 is divided by 42051?
3
What is the remainder when 4610138 is divided by 7935?
7838
What is the remainder when 25834478 is divided by 3077?
3063
Calculate the remainder when 15501 is divided by 559.
408
What is the remainder when 5227382 is divided by 21?
20
What is the remainder when 4494826 is divided by 1154?
1150
Calculate the remainder when 7209 is divided by 6707.
502
What is the remainder when 727206 is divided by 363026?
1154
Calculate the remainder when 238957644 is divided by 2753.
2750
What is the remainder when 16142 is divided by 1245?
1202
Calculate the remainder when 74141759 is divided by 84.
83
What is the remainder when 115806 is divided by 115752?
54
Calculate the remainder when 98080 is divided by 231.
136
What is the remainder when 3344271 is divided by 62?
53
What is the remainder when 11489510 is divided by 3829728?
326
Calculate the remainder when 2466648 is divided by 178.
102
Calculate the remainder when 780200 is divided by 45894.
2
Calculate the remainder when 18650055 is divided by 52.
47
What is the remainder when 5349522 is divided by 32619?
6
What is the remainder when 13551873 is divided by 17?
0
Calculate the remainder when 29665770 is divided by 12.
6
What is the remainder when 13165894 is divided by 98?
84
Calculate the remainder when 508411 is divided by 17531.
12
Calculate the remainder when 19122793 is divided by 1316.
1313
What is the remainder when 184288946 is divided by 61429647?
5
What is the remainder when 4592888 is divided by 48?
8
What is the remainder when 6847455 is divided by 1273?
1261
What is the remainder when 5485544 is divided by 15?
14
What is the remainder when 248430179 is divided by 121?
118
What is the remainder when 71531 is divided by 6515?
6381
Calculate the remainder when 8182159 is divided by 19.
18
Calculate the remainder when 2578154 is divided by 2.
0
Calculate the remainder when 84170 is divided by 6806.
2498
Calculate the remainder when 23016442 is divided by 1000714.
20
Calculate the remainder when 1026198 is divided by 389.
16
Calculate the remainder when 275559 is divided by 1621.
1610
What is the remainder when 459135 is divided by 18364?
35
What is the remainder when 429104 is divided by 679?
655
Calculate the remainder when 772500 is divided by 1496.
564
Calculate the remainder when 104220447 is divided by 225.
222
What is the remainder when 1146699 is divided by 143329?
67
Calculate the remainder when 89367 is divided by 21707.
2539
Calculate the remainder when 55873 is divided by 3425.
1073
Calculate the remainder when 177826047 is divided by 90.
87
What is the remainder when 4326517 is divided by 485?
317
What is the remainder when 1520343 is divided by 3371?
22
Calculate the remainder when 201927 is divided by 100483.
961
What is the remainder when 15710120 is divided by 79?
22
What is the remainder when 280054 is divided by 171?
127
Calculate the remainder when 569311 is divided by 94201.
4105
What is the remainder when 3741493 is divided by 25?
18
Calculate the remainder when 301432 is divided by 49314.
5548
Calculate the remainder when 14337430 is divided by 220.
30
What is the remainder when 110963 is divided by 27626?
459
Calculate the remainder when 1073618 is divided by 44734.
2
What is the remainder when 29637388 is divided by 1759?
1756
What is the remainder when 80979 is divided by 1258?
467
Calculate the remainder when 814907 is divided by 62685.
2
Calculate the remainder when 17435707 is divided by 112.
107
What is the remainder when 1332560 is divided by 1564?
32
What is the remainder when 277305 is divided by 4471?
103
What is the remainder when 149135 is divided by 6473?
256
What is the remainder when 991002 is divided by 82583?
6
What is the remainder when 733414 is divided by 20372?
22
Calculate the remainder when 77748037 is divided by 37.
11
What is the remainder when 10095744 is divided by 1167?
27
What is the remainder when 571379 is divided by 537?
11
Calculate the remainder when 34583046 is divided by 202.
40
Calculate the remainder when 2975166 is divided by 3664.
3662
What is the remainder when 8154368 is divided by 566?
6
Calculate the remainder when 80652 is divided by 174.
90
Calculate the remainder when 14561154 is divided by 547.
14
What is the remainder when 121257 is divided by 441?
423
Calculate the remainder when 10695092 is divided by 93.
92
Calculate the remainder when 788069 is divided by 787983.
86
Calculate the remainder when 27492 is divided by 6730.
572
What is the remainder when 145111468 is divided by 311398?
0
What is the remainder when 3274942 is divided by 111?
109
Calculate the remainder when 765717 is divided by 765086.
631
What is the remainder when 46868 is divided by 2787?
2276
What is the remainder when 11839238 is divided by 102?
98
What is the remainder when 203190 is divided by 201021?
2169
Calculate the remainder when 14769 is divided by 4876.
141
What is the remainder when 3600704 is divided by 11?
8
Calculate the remainder when 1260680 is divided by 83.
76
Calculate the remainder when 889657 is divided by 1318.
7
Calculate the remainder when 4331597 is divided by 182.
179
Calculate the remainder when 336000 is divided by 334.
330
Calculate the remainder when 9987 is divided by 2190.
1227
What is the remaind